of j?
3, 599
Suppose 0 = 13*k - 18*k + 23735. Suppose 601 = 14*c - k. List the prime factors of c.
2, 191
Suppose -n + 3*x = 9, n - 11 = 3*x - 4*x. Let p be (-3)/(-3 + n)*-143. Let r = p + -51. List the prime factors of r.
2, 23
Suppose -22*w + 23*w = 4*r - 64846, 0 = 5*r - 5*w - 81080. What are the prime factors of r?
2, 5, 1621
Let f = -1850 + 5479. What are the prime factors of f?
19, 191
Let h = -33 + 35. Let d be (-408)/(-18)*3*h/(-4). Let x = d - -107. What are the prime factors of x?
73
Let b = -539 + 1016. Suppose 0 = m + 2*h - b, -5*m + 2*h + 2424 = -h. What are the prime factors of m?
3, 7, 23
Let o = -604 - -1054. Suppose 0 = i - 4, 0 = 2*u + i - 438 - o. What are the prime factors of u?
2, 13, 17
Let q(o) = -4*o**2 + 13*o - 1. Suppose 4*j + 18 = -4*r - 14, 2*j - 4*r = -22. Let h be q(j). List the prime factors of h/(-2) + 5 + -2 + -5.
3, 73
Let n(a) = -6*a - 84. Let g be n(-16). Suppose 0 = -g*f - 138 + 1782. List the prime factors of f.
137
Suppose -53*d + 160*d - 202860 = -89*d. What are the prime factors of d?
3, 5, 23
Suppose -51 = -o - 2*o. Let d(n) = -n**2 + 16*n + 12. Let q be d(o). List the prime factors of (-14)/((-3)/((-45)/q)).
2, 3, 7
Let v(t) = -t**3 + 9*t**2 - 10*t + 19. Let g be v(8). Suppose 3*d = -g*w, 0 = w + 3*d - 0*d. Suppose r - 56 + 3 = w. List the prime factors of r.
53
Let q be (8/2 - 2) + 1. Suppose q*a = 4*a. Suppose a = -3*h - 3*h + 402. What are the prime factors of h?
67
Suppose -15*x + 15 + 75 = 0. What are the prime factors of x/(-27) - (-9408)/54?
2, 3, 29
Suppose 4*v - 43*o + 48*o - 1 = 0, 1 = o. List the prime factors of v*5 - (3 + (-699 - 0)).
691
Suppose -4*j - 2*i + 37162 = 0, -157*j + 3*i - 27879 = -160*j. What are the prime factors of j?
2, 3, 43
Let h = 1257 + -349. Let c = 1291 - h. List the prime factors of c.
383
Let x be (-4)/(-5)*5/(-1) - -2. Let j be x + 5 + 0 + (-1)/1. Suppose -4*z - 123 = j*m - 307, 4*m - 192 = -4*z. What are the prime factors of z?
2, 11
Suppose 0 = -26*n + 47336 + 112356. What are the prime factors of n?
2, 37, 83
Suppose -19*s - 7*s + 280624 = -10*s. What are the prime factors of s?
17539
List the prime factors of (72086/(-14))/(3*(-7)/42).
2, 19, 271
Let a(x) be the first derivative of -243*x**4/4 + x**3/3 + x**2 + x + 13. Let b be a(-1). Let k = b + -95. List the prime factors of k.
2, 37
Let f(s) = 27*s**2 - 61*s + 582. List the prime factors of f(8).
2, 911
List the prime factors of (2 - (12 - 8))/(1/(-664)).
2, 83
Let p(f) = -8*f**3 - 9*f**2 + 3*f + 73. What are the prime factors of p(-6)?
1459
Suppose -3*r - 43 + 7 = 0. Let u be 1 + (r/(-16) - (-26)/8). Suppose -3*l = 6*g - 4*g - 173, l + 407 = u*g. List the prime factors of g.
2, 41
Suppose -s - u + 7518 + 7812 = 0, -4*s + u = -61300. What are the prime factors of s?
2, 79, 97
Let s be (-261)/21 + 16/(-28). Let g(j) = -14*j + 11. List the prime factors of g(s).
193
What are the prime factors of 2 + (-180548)/(-14) + (-5 - (-99)/21)?
2, 6449
Let r(s) be the first derivative of -5*s**2/2 + 10*s + 6. Let g be r(-5). List the prime factors of 4242/g + 1/(-5).
11
Let z(a) = 25*a**2 + 19*a**2 + 9 - 33*a**2 - a**3. Let x(k) = -5*k - 2. Let u be x(-2). What are the prime factors of z(u)?
3, 67
Suppose 2*s = -4*m + 7350, 0 = 2*m + 36*s - 31*s - 3687. What are the prime factors of m?
2, 3, 17
Suppose 0 = 4*m + m - 35. Suppose 0 = -g + d + 397, m*g + 3*d = 5*g + 814. Let p = g - 157. List the prime factors of p.
2, 61
Let s = 88 - 10. What are the prime factors of 0 + -1 + (-13)/(s/(-3108))?
11, 47
Suppose 88 = 2*v - 246. Let d = v + -41. What are the prime factors of d?
2, 3, 7
Suppose -4*c + 9879 = 5*s, -c - 2*c + 7418 = -5*s. List the prime factors of c.
7, 353
What are the prime factors of 6*5810/(-168)*(719/(-5) + -1)?
2, 83, 181
Suppose 27*f = -2*f + 87. Suppose -4*o + 0*o - 20 = 0, -f*o = 2*k - 625. What are the prime factors of k?
2, 5
Let s be (15/3)/(4 + -3). Suppose -7*b + s*m = -3*b - 1202, 2*b - 5*m = 596. Suppose -5*f + 379 = k, -b = -f - 3*f - k. List the prime factors of f.
2, 19
Suppose -2*a + 132 = 2*a + 2*k, a - 2*k = 33. Let i be a*2*5*2/5. Suppose -3*s + i = -5*j, -s = -5*s + 2*j + 190. List the prime factors of s.
7
Suppose 0*x - 17*x + 180706 + 138588 = 0. What are the prime factors of x?
2, 9391
Suppose 89*p = -135*p + 7513408. List the prime factors of p.
2, 31, 541
Let w be 4/(-8) + 7/2. Suppose 1 = -w*n + 7. Suppose -5*i = n*v - 245, -5*i + 3*v + 0*v + 220 = 0. What are the prime factors of i?
47
Suppose 2*x + 10 = 0, -38*m + 43*m - 4*x - 147210 = 0. What are the prime factors of m?
2, 41, 359
Suppose -54*q + 177243 = -148539. List the prime factors of q.
3, 2011
What are the prime factors of (-23904)/144*((-10)/4 - 0)?
5, 83
Let u = 5097 - 535. What are the prime factors of 13/(-65) + u/10?
2, 3, 19
Let d = -291 + 295. Let a = 6 - 3. Suppose -4*i - a*c + 642 = 0, d*c = 8*c + 8. What are the prime factors of i?
2, 3
Let o = 15563 + -9187. List the prime factors of o.
2, 797
What are the prime factors of 33378 + 35*(-19)/(-133)?
7, 19, 251
Suppose -4*d - 18456 = -2*z, -5*d = 5*z - 26026 - 20174. What are the prime factors of z?
2, 2309
Let w = -18160 - -25907. What are the prime factors of w?
61, 127
Let b(i) = 3*i**3 - i**2 + 5*i + 563. Let a = 239 + -239. What are the prime factors of b(a)?
563
Let t = -1860 - -7859. What are the prime factors of 4/12 - t/(-21)?
2, 11, 13
Let b = 30 - 15. Suppose 10*j - 349 = -3*u + b*j, -4*u - 3*j = -504. List the prime factors of u.
3, 41
What are the prime factors of (-14)/140 + -4 + 709055/50?
14177
Let u be (-10)/(-65) + (-6076)/(-52). List the prime factors of (-13*(-18)/u)/(2/9).
3
Let m be (-5 - (4 - 8)) + (3 - -326). Suppose 47*d - m = 46*d. List the prime factors of d.
2, 41
Let s(w) = -13 - 29 + 129*w - 16 - 21. List the prime factors of s(9).
2, 541
Suppose 0 = -162*f + 77606 + 435286. List the prime factors of f.
2, 1583
Suppose 5*n - 242 = 4*b + 2201, 1249 = -2*b - 3*n. Let r = -9 - b. List the prime factors of r.
2, 19
Suppose 0 = 6689*u - 6698*u + 32634. List the prime factors of u.
2, 7, 37
Suppose -79*z + 76*z = -3*k + 13935, 0 = -5*k + 11*z + 23189. List the prime factors of k.
4651
Suppose -4*a + 22068 = -5*z - 1007, 4*a = -z + 23081. List the prime factors of a.
2, 5, 577
Suppose 3*n + 3*b = -9, -6*b + 17 = 6*n - 7*b. Let q(f) be the third derivative of 21*f**4/8 - f**3/2 - f**2. List the prime factors of q(n).
3, 41
What are the prime factors of (((-210448)/21)/(-4))/(24/54)?
3, 1879
Suppose 3*x = 5*n + 685, 3*x + 99 = 2*n + 778. List the prime factors of x.
3, 5
Suppose -5*j = 3*g - g - 24, 2*g + 24 = 3*j. List the prime factors of (-2)/j - 19499/(-51).
2, 191
Let f be 3/(-3) - -2 - (-368 - 8). Let p = f + -127. What are the prime factors of p?
2, 5
Let l(z) = -7*z**2 + 10*z + 47. Let u be l(13). Let f = u + 1755. List the prime factors of f.
7, 107
Let b = 11099 + -4074. What are the prime factors of b?
5, 281
Let s = 21162 - -6375. What are the prime factors of s?
3, 67, 137
List the prime factors of 357935/68 - 3 - (-5)/4.
2, 3, 877
Let l(n) = -5*n**3 - 33*n**2 + 114*n + 253. List the prime factors of l(-23).
23, 1783
Let y = -6764 + 6767. Suppose 2*v = h - 293, -4*h - v + 1160 = 3*v. Suppose -h = y*i - 948. What are the prime factors of i?
3, 73
What are the prime factors of (-6 - 0 - -12)/((-6)/(-8740))?
2, 5, 19, 23
Suppose 5*z = 2*z - 81*z + 726936. What are the prime factors of z?
2, 4327
Suppose 15*g + 92*g - 585076 = 0. List the prime factors of g.
2, 1367
Let c = 8 + -28. Let t(z) = z**3 + 22*z**2 + 15*z + 14. List the prime factors of t(c).
2, 257
Let q(b) = b**2 + 10*b - 15. Let v be q(7). Suppose -8*u + v + 176 = 0. Suppose -2*k - 3*g = -u - 5, -57 = -3*k - 3*g. List the prime factors of k.
17
Let i = 1485 - 883. Suppose -h + i = -4*a, 3*a - 11 - 563 = -h. List the prime factors of h.
2, 293
Let v be (20/35)/(6/21). Suppose -s + v*s + 885 = 4*p, 5*p + 5*s = 1125. List the prime factors of p.
2, 3, 37
Let o(f) = 2*f**3 + 3 - 5*f - 8*f + 16*f - f**3 - 33*f. List the prime factors of o(10).
19, 37
Let b = 7183 + -3149. What are the prime factors of b?
2, 2017
Suppose -3 = 2*k - 3*k. Suppose -5*c = -4*p + 4, 0 = -4*p - c + 1 + k. What are the prime factors of (3 - -64) + p + -3?
5, 13
Let x be 4/5 + 623900/125. Suppose -